of b(-5).
2, 3
Let a(o) = -o + 1. Let q be a(6). Let s = q + 13. What are the prime factors of s?
2
Let l = -4 - -3. What are the prime factors of 2 - (-25 + 3/l)?
2, 3, 5
Let f = 35 - 25. List the prime factors of 112/f*(2 + 3).
2, 7
Suppose 555 = -6*d + 111. Let n = d - -122. What are the prime factors of n?
2, 3
Suppose -3*r - 3 = 3*g, 3*g + 3*r = r - 5. List the prime factors of 128/(-2*(-4 - g)).
2
Let p = 6132 + -4085. List the prime factors of p.
23, 89
Let y(m) = m**2 + 9*m - 31. Let v be y(11). Suppose -7*h = -v - 77. What are the prime factors of h?
2, 19
Suppose 7*a = -779 + 3054. What are the prime factors of a?
5, 13
Suppose 0*k + 3*k = 96. Suppose -k*m + 31*m = -18. List the prime factors of m.
2, 3
Suppose 60*z - 54*z - 2082 = 0. What are the prime factors of z?
347
Suppose 2*d - 5*i - 7011 = 0, 7*d - 6*d - 3513 = i. List the prime factors of d.
2, 1759
Let m = -14 - -9. List the prime factors of (-4)/m - ((-5256)/30 - -3).
173
Let w = 1 - -3. Suppose 384 = w*y + 52. What are the prime factors of y?
83
Let j(n) be the second derivative of 7/3*n**3 + 13/2*n**2 - n - 1/12*n**4 + 0. What are the prime factors of j(13)?
2, 13
Let t(x) = -x**2 - 20*x + 16. Suppose -3*m - 2*m = 2*a, 0 = 4*a + 3*m. Suppose 2*g = -a*g + 3*z - 48, 10 = -g - 2*z. List the prime factors of t(g).
2, 13
Let j = 2121 - -539. List the prime factors of j.
2, 5, 7, 19
Suppose x = 2*d - 5379, -11*d - x = -7*d - 10767. List the prime factors of d.
3, 13, 23
Let d = 60 - -175. What are the prime factors of d?
5, 47
Let m(q) = 65*q + 13. Let b(k) = 16*k + 3. Let p(w) = -w**2 + 4*w - 1. Let d be p(3). Let i(j) = d*m(j) - 9*b(j). List the prime factors of i(-1).
13
Let s(r) = 2*r**2 + 6*r - 12. List the prime factors of s(13).
2, 101
Suppose 107*u - 5922 = 101*u. List the prime factors of u.
3, 7, 47
Suppose -5*i - k = -213, -3*i = i + 2*k - 168. What are the prime factors of (-3 + -3 + i)/((-2)/(-2))?
37
Let w be (-45)/(0 + (1 - (2 + -2))). Suppose -27 = 3*m + 39. Let n = m - w. What are the prime factors of n?
23
Suppose -4*j - 6 = -j. Let k be 2 + j/(2/(-29)). Suppose 6*n = -k + 355. What are the prime factors of n?
2, 3
Suppose -3*s + 6*s - 786 = -3*n, -3*s + 3*n + 780 = 0. Let r = s - 181. Let m = -54 + r. List the prime factors of m.
2, 13
Let x(m) = -13 - 4*m + 20*m + 19*m - 5*m. List the prime factors of x(3).
7, 11
Let c(f) = -f**3 - f**2 + 2*f + 10. Let i be c(0). Suppose i*b - 2667 = -287. List the prime factors of b.
2, 7, 17
List the prime factors of (-2)/(-5) + (-2322)/(-45).
2, 13
List the prime factors of 31/(-124) + 3/(24/2530).
2, 79
Let t(o) = o**2 + 5*o - 6. Let w(d) = -d**2 - 6*d + 5. Let u(s) = 6*t(s) + 7*w(s). Let i = 31 + -40. List the prime factors of u(i).
2, 13
Let r(t) = 158*t + 271. What are the prime factors of r(12)?
11, 197
Let m(f) = f**2 + 2*f. Let v(n) = -37*n**2 - 4*n - 1. Let h(p) = -2*m(p) - v(p). Suppose -2*c + 0*c - 2 = 0. List the prime factors of h(c).
2, 3
List the prime factors of -3 - (-1 - 5) - -1400.
23, 61
Suppose -5 = -g + 122. Suppose 0 = b - 3 - 1. Suppose -g = -b*u + 5*x - 23, 3*u + 5*x = 43. What are the prime factors of u?
3, 7
Suppose 19 = 5*p + u - 5, 0 = -3*p + 5*u - 8. Suppose p*w = -2*k + 44, -3*k + 4*w = -0*k - 46. What are the prime factors of k?
2, 3
Suppose 30*b - 48556 = 5324. What are the prime factors of b?
2, 449
Suppose 2*t + 90 = -4*u, 0 = 5*u - 0*u + 4*t + 114. Let p(w) = w**3 - 2*w**2 + 5*w - 6. Let n be p(4). Let b = n + u. What are the prime factors of b?
2, 3
Let y be 3 - 4/(-4) - -56. Suppose 6*m - 4*m = -2*c + 74, 2*c - 5*m - y = 0. Let g = 38 - c. List the prime factors of g.
3
Let j(l) be the second derivative of l**5/5 + l**4/6 - l**2/2 - 3*l. Let r(u) = -4*u - 54. Let x be r(-14). List the prime factors of j(x).
3, 13
Suppose -3*f = -u + 651, 4*u - 5*f = 3*u + 661. List the prime factors of u.
2, 3, 53
Suppose p - m = 5842, p - 15*m = -10*m + 5846. List the prime factors of p.
3, 11, 59
Let f(w) = -5*w - 27. Let n be f(-5). What are the prime factors of (n/(-3))/((-2)/(-426))?
2, 71
Suppose 17*d - 2981 = 3581. List the prime factors of d.
2, 193
Suppose 10*l - 23156 = -18*l. What are the prime factors of l?
827
Suppose -3 = 2*f + 1. Let y(o) = -o**2 + 3*o + 1. Let s be y(f). Let d(z) = -z**3 - 10*z**2 - 14*z - 10. List the prime factors of d(s).
5, 7
What are the prime factors of 72/15 + (-3)/(-15) + 58?
3, 7
Suppose 3*l = u - 5 - 7, -4*l + 33 = u. Let i = 22 - 22. Suppose 0 = -i*s + 3*s - u. What are the prime factors of s?
7
Suppose 2*u = 7*u, -10*u = 3*t - 6957. List the prime factors of t.
3, 773
Suppose n - 6*n - 10805 = -4*k, 5*n = 5*k - 13500. What are the prime factors of k?
5, 7, 11
Let z = 215 + 1052. What are the prime factors of z?
7, 181
Suppose -5*z = -f - 4*f + 5, -2*f = z - 8. Suppose -q - 3*q + 79 = f*x, -107 = -5*q - x. Let t = -13 + q. List the prime factors of t.
3
What are the prime factors of (4 - (-42)/(-12))*1394?
17, 41
Let b(l) = -39*l**3 + 9*l**2 + 7*l. List the prime factors of b(-3).
3, 7, 53
Suppose 27 = 5*f + 7. List the prime factors of (21/(-6) + f)*178.
89
Suppose -3*q + 37 = 5*f, -q + 8 = -4*q + 4*f. Let z(h) = -11*h + 8. Let k(c) = 10*c - 7. Let a(m) = 4*k(m) + 3*z(m). List the prime factors of a(q).
2, 3
Suppose -3*g = 4*r - 0*g - 16, r - 4 = -2*g. Suppose r*h - 1 = 7. Suppose 20 = 5*v, 3*a + h*v - 5*v = 3. List the prime factors of a.
5
Let w(b) = 2*b**2 + 25 - 2*b - 21*b - 5. List the prime factors of w(16).
2, 41
Suppose 21 + 9 = -5*z. Let w = 9 + z. Suppose 12 = y - x, w*x - x - 48 = -4*y. What are the prime factors of y?
2, 3
Let n(r) be the first derivative of 3*r**2 - 40*r - 7. List the prime factors of n(9).
2, 7
Let u(h) = -2*h + 5. Let d be u(-4). Let o = 41 + -26. Let w = o - d. List the prime factors of w.
2
Let h = 18 - 14. Suppose -107 = -h*b + 49. Suppose -j + b = 10. What are the prime factors of j?
29
Let c be (36/(-48))/((-2)/24). Let j = -5 + c. Suppose -l + 25 = -0*i + 5*i, l = -j*i + 20. What are the prime factors of i?
5
Suppose 0 = -12*d + 2314 + 314. List the prime factors of d.
3, 73
Suppose -k - 34 = 2*k + 5*c, -5*k - 34 = -3*c. Let f = 16 + k. What are the prime factors of 30 + 0*2/f?
2, 3, 5
Let k(r) = 6*r**3 + 13*r**2 - 4. Let l(j) = 5*j**3 + 12*j**2 - j - 4. Let b(a) = -4*k(a) + 5*l(a). Suppose 4*s - 40 = 9*s. List the prime factors of b(s).
2, 3
Let s(l) = -l**3 - 3*l**2 - 18*l - 68. List the prime factors of s(-11).
2, 3, 61
Suppose 200 = -15*b + 20*b. Let n(m) = -11*m + 3. Let r be n(2). Let p = b + r. What are the prime factors of p?
3, 7
Let q(n) = -2*n**3 - 7*n**2 - 5*n - 1. List the prime factors of q(-8).
3, 5, 41
Let m(u) = -u**3 - 4*u**2 + 3*u + 11. Suppose 19*z - 18*z = -5. What are the prime factors of m(z)?
3, 7
Let y(u) be the third derivative of u**6/120 - 3*u**5/20 + 2*u**4/3 + 7*u**3/6 + 30*u**2. List the prime factors of y(8).
71
Suppose 0 = 5*q - 3*c - 81, -3*q = q + 3*c - 54. Let m = q + 6. List the prime factors of m.
3, 7
Suppose 5*j - 48 = -3*x, 0*x = -5*j + x + 64. List the prime factors of (-1)/((j/(-332))/3).
83
Suppose 2*f - l + 4*l = -9, -2*l - 6 = f. Suppose f = 2*t - 118 - 68. What are the prime factors of t?
3, 31
Suppose -3*a - 2 = 10. List the prime factors of (-32 + 5)/(a/12).
3
Suppose -8824 = -17*k + 10165. What are the prime factors of k?
1117
What are the prime factors of 98 - (-6 - -8 - 9/(-3))?
3, 31
Let k(p) = -3*p**2 - 92*p + 248. Let l(g) = -g**2 - 31*g + 83. Let j(a) = 3*k(a) - 8*l(a). List the prime factors of j(-25).
5, 31
Let a be ((-825)/(-5) - -6) + -1*3. Suppose -2*n - 4*n = -a. What are the prime factors of n?
2, 7
Let k be 3/(-9) + 70/3. Let v = 31 - k. List the prime factors of v.
2
Suppose 0 = -3*x - 100 + 376. Suppose 5*j - 460 = -5*c, -j + 0*c - 2*c + x = 0. Suppose -7*h + j = -5*h. What are the prime factors of h?
2, 23
Let g = -25 - -28. Suppose 0 = -0*t + g*t - 6. Suppose -t*h + 20 = -h. What are the prime factors of h?
2, 5
Let n = 1 - -4. Suppose 120 + 42 = 6*s. Let d = s - n. What are the prime factors of d?
2, 11
Suppose 0 = -11*p + 14*p - 3. What are the prime factors of (-9)/(36/(-232))*p?
2, 29
Suppose 0 = 5*l + 2*r - 975 - 2671, 4*r = -3*l + 2196. What are the prime factors of l?
2, 7, 13
Suppose -62 = 2*y - 3*h, -5*y - 3*h + 7*h - 148 = 0. Let c = 25 -